of 63148?
4
What is the hundreds digit of 191?
1
What is the tens digit of 653?
5
What is the hundreds digit of 647?
6
What is the units digit of 11414?
4
What is the ten thousands digit of 12894?
1
What is the thousands digit of 5678?
5
What is the thousands digit of 7380?
7
What is the hundreds digit of 160161?
1
What is the tens digit of 3185?
8
What is the thousands digit of 1576?
1
What is the hundreds digit of 11372?
3
What is the units digit of 12321?
1
What is the units digit of 2016?
6
What is the tens digit of 1207?
0
What is the hundreds digit of 1814?
8
What is the hundreds digit of 4125?
1
What is the units digit of 485?
5
What is the hundreds digit of 8636?
6
What is the ten thousands digit of 53059?
5
What is the tens digit of 41?
4
What is the hundreds digit of 3947?
9
What is the tens digit of 1150?
5
What is the hundreds digit of 4840?
8
What is the hundreds digit of 10684?
6
What is the thousands digit of 95185?
5
What is the tens digit of 52201?
0
What is the hundreds digit of 3984?
9
What is the ten thousands digit of 54981?
5
What is the units digit of 1094?
4
What is the tens digit of 8338?
3
What is the thousands digit of 27342?
7
What is the units digit of 804?
4
What is the units digit of 174?
4
What is the units digit of 2489?
9
What is the hundreds digit of 25684?
6
What is the units digit of 3092?
2
What is the hundreds digit of 462?
4
What is the hundreds digit of 788?
7
What is the hundreds digit of 27170?
1
What is the units digit of 26171?
1
What is the thousands digit of 11618?
1
What is the units digit of 343?
3
What is the tens digit of 2510?
1
What is the tens digit of 12496?
9
What is the thousands digit of 42606?
2
What is the units digit of 401?
1
What is the hundreds digit of 12339?
3
What is the units digit of 4232?
2
What is the tens digit of 522?
2
What is the thousands digit of 19600?
9
What is the tens digit of 103?
0
What is the tens digit of 1462?
6
What is the units digit of 682?
2
What is the thousands digit of 1146?
1
What is the tens digit of 6840?
4
What is the ten thousands digit of 19122?
1
What is the hundreds digit of 2657?
6
What is the thousands digit of 2648?
2
What is the tens digit of 21330?
3
What is the hundreds digit of 2171?
1
What is the thousands digit of 2489?
2
What is the units digit of 695?
5
What is the units digit of 22436?
6
What is the units digit of 9603?
3
What is the hundreds digit of 3219?
2
What is the thousands digit of 2875?
2
What is the tens digit of 20296?
9
What is the hundreds digit of 21883?
8
What is the hundreds digit of 21827?
8
What is the tens digit of 290?
9
What is the hundreds digit of 6577?
5
What is the thousands digit of 2080?
2
What is the hundreds digit of 871?
8
What is the thousands digit of 12053?
2
What is the ten thousands digit of 114653?
1
What is the tens digit of 89791?
9
What is the hundreds digit of 701?
7
What is the ten thousands digit of 12662?
1
What is the units digit of 106674?
4
What is the units digit of 1577?
7
What is the hundreds digit of 55630?
6
What is the units digit of 71163?
3
What is the hundreds digit of 388?
3
What is the tens digit of 948?
4
What is the units digit of 30026?
6
What is the hundreds digit of 2361?
3
What is the units digit of 14122?
2
What is the units digit of 20928?
8
What is the ten thousands digit of 12683?
1
What is the hundreds digit of 619?
6
What is the hundreds digit of 4341?
3
What is the thousands digit of 14222?
4
What is the units digit of 266?
6
What is the units digit of 7513?
3
What is the units digit of 17369?
9
What is the tens digit of 57021?
2
What is the tens digit of 72914?
1
What is the thousands digit of 1324?
1
What is the tens digit of 1642?
4
What is the tens digit of 1334?
3
What is the tens digit of 684?
8
What is the units digit of 364?
4
What is the hundreds digit of 4466?
4
What is the thousands digit of 3489?
3
What is the hundred thousands digit of 181178?
1
What is the hundred thousands digit of 138774?
1
What is the thousands digit of 82573?
2
What is the units digit of 489?
9
What is the units digit of 931?
1
What is the hundreds digit of 31142?
1
What is the tens digit of 903?
0
What is the thousands digit of 8642?
8
What is the thousands digit of 3875?
3
What is the tens digit of 158075?
7
What is the hundreds digit of 56399?
3
What is the units digit of 916?
6
What is the hundreds digit of 4202?
2
What is the thousands digit of 20624?
0
What is the tens digit of 529?
2
What is the units digit of 775?
5
What is the hundreds digit of 3379?
3
What is the hundreds digit of 20491?
4
What is the thousands digit of 1229?
1
What is the units digit of 65359?
9
What is the thousands digit of 2065?
2
What is the ten thousands digit of 26855?
2
What is the tens digit of 1592?
9
What is the thousands digit of 5498?
5
What is the thousands digit of 1119?
1
What is the tens digit of 242?
4
What is the ten thousands digit of 14586?
1
What is the hundreds digit of 1103?
1
What is the tens digit of 520?
2
What is the tens digit of 3226?
2
What is the tens digit of 2282?
8
What is the units digit of 2989?
9
What is the tens digit of 741?
4
What is the thousands digit of 2951?
2
What is the units digit of 141?
1
What is the tens digit of 380?
8
What is the hundreds digit of 66981?
9
What is the hundreds digit of 27589?
5
What is the ten thousands digit of 21728?
2
What is the thousands digit of 19555?
9
What is the thousands digit of 1425?
1
What is the tens digit of 487?
8
What is the hundreds digit of 15691?
6
What is the units digit of 7865?
5
What is the tens digit of 4056?
5
What is the ten thousands digit of 22990?
2
What is the tens digit of 3822?
2
What is the units digit of 22870?
0
What is the hundreds digit of 675?
6
What is the thousands digit of 190838?
0
What is the hundreds digit of 95089?
0
What is the tens digit of 319?
1
What is the tens digit of 1143?
4
What is the hundreds digit of 724?
7
What is the hundreds digit of 8168?
1
What is the hundreds digit of 11131?
1
What is the units digit of 61?
1
What is the hundreds digit of 3987?
9
What is the hundreds digit of 1722?
7
What is the units digit of 63667?
7
What is the thousands digit of 2357?
2
What is the thousands digit of 38538?
8
What is the hundreds digit of 92996?
9
What is the thousands digit of 3582?
3
What is the units digit of 3964?
4
What is the tens digit of 29720?
2
What is the hundreds digit of 567?
5
What is the ten thousands digit of 93377?
9
What is the hundreds digit of 10357?
3
What is the thousands digit of 1400?
1
What is the units digit of 38189?
9
What is the tens digit of 473?
7
What is the units digit of 574?
4
What is the units digit of 944?
4
What is the hundreds digit of 2578?
5
What is the units digit of 862?
2
What is the units digit of 1536?
6
What is the hundreds digit of 86654?
6
What is the units digit of 1019?
9
What is the units digit of 33789?
9
What is the units digit of 98747?
7
What is the hundreds digit of 213?
2
What is the tens digit of 1363?
6
What is the hundreds digit of 1713?
7
What is the thousands digit of 3611?
3
What is the thousands digit of 2627?
2
What is the thousands digit of 12048?
2
What is the units digit of 9?
9
What is the tens digit of 5194?
9
What is the units digit of 3167?
7
What is the hundreds digit of 1542?
5
What is the ten thousands digit of 44070?
4
What is the hundreds digit of 1806?
8
What is the thousands digit of 1112?
1
What is the thousands digit of 2237?
2
What is the ten thousands digit of 26928?
2
What is the units digit of 28115?
5
What is the thousands digit of 74674?
4
What is the ten thousands digit of 16203?
1
What is the units digit of 799?
9
What is the units digit of 72045?
5
What is the tens digit of 3867?
6
What is the hundred thousands digit of 164163?
1
What is the units digit of 2853?
3
What is the units digit of 487?
7
What is the thousands digit of 9550?
9
What is the thousands digit of 4866?
4
What is the ten thousands digit of 26104?
2
What is the units digit of 14922?
2
What is the thousands digit of 4984?
4
What is the ten thousands digit of 26606?
2
What is the thousands digit of 3010?
3
What is the hundreds digit of 313?
3
What is the thousands digit of 2955?
2
What is the tens digit of 681?
8
What is th